{"version":"1.0","provider_name":"R\u00e1dio Atalaia Fm Erechim","provider_url":"https:\/\/radioatalaiafmerechim.com.br\/portal","title":"Dia Nacional do Campo Limpo! - R\u00e1dio Atalaia Fm Erechim","type":"rich","width":600,"height":338,"html":"<blockquote class=\"wp-embedded-content\" data-secret=\"yy6t7yuHm8\"><a href=\"https:\/\/radioatalaiafmerechim.com.br\/portal\/dia-nacional-do-campo-limpo\/\">Dia Nacional do Campo Limpo!<\/a><\/blockquote><iframe sandbox=\"allow-scripts\" security=\"restricted\" src=\"https:\/\/radioatalaiafmerechim.com.br\/portal\/dia-nacional-do-campo-limpo\/embed\/#?secret=yy6t7yuHm8\" width=\"600\" height=\"338\" title=\"&#8220;Dia Nacional do Campo Limpo!&#8221; &#8212; R\u00e1dio Atalaia Fm Erechim\" data-secret=\"yy6t7yuHm8\" frameborder=\"0\" marginwidth=\"0\" marginheight=\"0\" scrolling=\"no\" class=\"wp-embedded-content\"><\/iframe><script>\n\/*! This file is auto-generated *\/\n!function(d,l){\"use strict\";l.querySelector&&d.addEventListener&&\"undefined\"!=typeof URL&&(d.wp=d.wp||{},d.wp.receiveEmbedMessage||(d.wp.receiveEmbedMessage=function(e){var t=e.data;if((t||t.secret||t.message||t.value)&&!\/[^a-zA-Z0-9]\/.test(t.secret)){for(var s,r,n,a=l.querySelectorAll('iframe[data-secret=\"'+t.secret+'\"]'),o=l.querySelectorAll('blockquote[data-secret=\"'+t.secret+'\"]'),c=new RegExp(\"^https?:$\",\"i\"),i=0;i<o.length;i++)o[i].style.display=\"none\";for(i=0;i<a.length;i++)s=a[i],e.source===s.contentWindow&&(s.removeAttribute(\"style\"),\"height\"===t.message?(1e3<(r=parseInt(t.value,10))?r=1e3:~~r<200&&(r=200),s.height=r):\"link\"===t.message&&(r=new URL(s.getAttribute(\"src\")),n=new URL(t.value),c.test(n.protocol))&&n.host===r.host&&l.activeElement===s&&(d.top.location.href=t.value))}},d.addEventListener(\"message\",d.wp.receiveEmbedMessage,!1),l.addEventListener(\"DOMContentLoaded\",function(){for(var e,t,s=l.querySelectorAll(\"iframe.wp-embedded-content\"),r=0;r<s.length;r++)(t=(e=s[r]).getAttribute(\"data-secret\"))||(t=Math.random().toString(36).substring(2,12),e.src+=\"#?secret=\"+t,e.setAttribute(\"data-secret\",t)),e.contentWindow.postMessage({message:\"ready\",secret:t},\"*\")},!1)))}(window,document);\n\/\/# sourceURL=https:\/\/radioatalaiafmerechim.com.br\/portal\/wp-includes\/js\/wp-embed.min.js\n<\/script>\n","thumbnail_url":"https:\/\/conexaoerechim.com.br\/wp-content\/uploads\/2026\/08\/CAMPO.jpg","thumbnail_width":120,"thumbnail_height":89,"description":"Do Sindicato Rural de Erechim ao treinamento dos revendedores na central, Carazinho refor\u00e7a os procedimentos corretos com as embalagens vazias de defensivos agr\u00edcolas no Dia Nacional do Campo Limpo (DNCL), reunindo produtores, revendas e entidades do setor na regi\u00e3o. Integrante do calend\u00e1rio oficial brasileiro, o DNCL \u00e9 a data que re\u00fane o pa\u00eds inteiro para..."}

Rádio Atalaia Fm Erechim

Dia Nacional do Campo Limpo! - Rádio Atalaia Fm Erechim

<blockquote class="wp-embedded-content" data-secret="yy6t7yuHm8"><a href="https://radioatalaiafmerechim.com.br/portal/dia-nacional-do-campo-limpo/">Dia Nacional do Campo Limpo!</a></blockquote><iframe sandbox="allow-scripts" security="restricted" src="https://radioatalaiafmerechim.com.br/portal/dia-nacional-do-campo-limpo/embed/#?secret=yy6t7yuHm8" width="600" height="338" title="&#8220;Dia Nacional do Campo Limpo!&#8221; &#8212; Rádio Atalaia Fm Erechim" data-secret="yy6t7yuHm8" frameborder="0" marginwidth="0" marginheight="0" scrolling="no" class="wp-embedded-content"></iframe><script>
/*! This file is auto-generated */
!function(d,l){"use strict";l.querySelector&&d.addEventListener&&"undefined"!=typeof URL&&(d.wp=d.wp||{},d.wp.receiveEmbedMessage||(d.wp.receiveEmbedMessage=function(e){var t=e.data;if((t||t.secret||t.message||t.value)&&!/[^a-zA-Z0-9]/.test(t.secret)){for(var s,r,n,a=l.querySelectorAll('iframe[data-secret="'+t.secret+'"]'),o=l.querySelectorAll('blockquote[data-secret="'+t.secret+'"]'),c=new RegExp("^https?:$","i"),i=0;i<o.length;i++)o[i].style.display="none";for(i=0;i<a.length;i++)s=a[i],e.source===s.contentWindow&&(s.removeAttribute("style"),"height"===t.message?(1e3<(r=parseInt(t.value,10))?r=1e3:~~r<200&&(r=200),s.height=r):"link"===t.message&&(r=new URL(s.getAttribute("src")),n=new URL(t.value),c.test(n.protocol))&&n.host===r.host&&l.activeElement===s&&(d.top.location.href=t.value))}},d.addEventListener("message",d.wp.receiveEmbedMessage,!1),l.addEventListener("DOMContentLoaded",function(){for(var e,t,s=l.querySelectorAll("iframe.wp-embedded-content"),r=0;r<s.length;r++)(t=(e=s[r]).getAttribute("data-secret"))||(t=Math.random().toString(36).substring(2,12),e.src+="#?secret="+t,e.setAttribute("data-secret",t)),e.contentWindow.postMessage({message:"ready",secret:t},"*")},!1)))}(window,document);
//# sourceURL=https://radioatalaiafmerechim.com.br/portal/wp-includes/js/wp-embed.min.js
</script>

Do Sindicato Rural de Erechim ao treinamento dos revendedores na central, Carazinho reforça os procedimentos corretos com as embalagens vazias de defensivos agrícolas no Dia Nacional do Campo Limpo (DNCL), reunindo produtores, revendas e entidades do setor na região. Integrante do calendário oficial brasileiro, o DNCL é a data que reúne o país inteiro para...
